, 5, 7
Let r(i) = -178*i + 5. Let c(n) = -3*n - 5. Let o(b) = -b - 2. Let f(g) = 2*c(g) - 5*o(g). Let a(s) = -5*f(s) - r(s). What are the prime factors of a(1)?
2, 89
Let g = 615 - -38150. What are the prime factors of g?
5, 7753
Let m(a) = a**3 - 29*a**2 - 91*a - 10. Let c be m(32). Suppose -c = 9*i - 393. List the prime factors of i.
3
Let f = 39 + -133. Let m = 22 - f. What are the prime factors of m?
2, 29
Let q(g) = g**3 - 2*g + 9. Let c be q(-3). What are the prime factors of 1770/c*(-9)/(135/12)?
2, 59
Let c = -405 - -133. Let g be (6/8)/((-51)/c). Suppose i + g*i = 805. List the prime factors of i.
7, 23
Let q = -112 - -241. Let w = q - -277. What are the prime factors of w?
2, 7, 29
List the prime factors of 132/3*(-413)/14*-5.
2, 5, 11, 59
List the prime factors of 2957 - ((-132)/(-11) - -1).
2, 23
Suppose 0 = -3*n + 3, -4*m + 3*n + 37 = m. Let q(z) = 3*z**2 + 13*z - 1. List the prime factors of q(m).
5, 59
Suppose 2*p = -s + 40, 193*p - 198*p + 2*s = -91. Let l(k) be the first derivative of 4*k**2 - 4*k - 1. What are the prime factors of l(p)?
2, 37
Suppose 11*z + 1688 = 5285. Let r(p) = -149*p + 16. Let o be r(-3). Let a = o - z. List the prime factors of a.
2, 17
Suppose 4*n + 5*f - 8 = n, -3*n + f = -20. What are the prime factors of (-1)/n*-4 - (-475)/3?
3, 53
Let l(q) be the second derivative of -q**5/20 + 5*q**4/6 - 11*q**3/6 + 6*q**2 + 8*q. Let a be l(9). List the prime factors of 3 + a + (3 - (-141)/3).
47
Let p(a) = -23*a + 25. Let r be p(-5). Let t = -138 + r. List the prime factors of (-555)/t*(-40)/50.
2, 3, 37
Let z = 19413 - -8143. List the prime factors of z.
2, 83
Let j(k) = 7*k**2 + 5*k - 2. Suppose 3*x = 3*y - 27, -3*x = 2*y + 6 + 6. What are the prime factors of j(x)?
2, 5, 11
Suppose 0 = -5*m + 5*t - 63 - 3097, t + 3 = 0. Let r = 893 + m. What are the prime factors of r?
2, 3, 43
Suppose 1233 + 597 = 6*n. Let x = n + -190. What are the prime factors of 5/3 - 1 - x/(-3)?
3, 13
Let y be (-2 - -1 - 0)*-5. Let r be -32*(0 + -10 - 2 - -6). Suppose y*x - r = -3*x. List the prime factors of x.
2, 3
Let r(p) = 202*p**2 + 278*p + 4932. What are the prime factors of r(-17)?
2, 3, 2441
Let v = -131 - -51. Let r = v + 197. List the prime factors of r.
3, 13
Suppose 14*v - 18 = 52. Suppose 5*h = -v*a + 340, 0 = -3*h - 3 - 12. What are the prime factors of a?
73
Let h(g) = -g**2 - 41*g + 111. Let k be h(-43). Suppose k*r + 6255 = 30*r. List the prime factors of r.
3, 139
Suppose 0 = -21*a + 33*a - 189444. Suppose -52*t + a = 967. List the prime factors of t.
3, 5, 19
Let r(o) = -o**3 + 15*o**2 + 21*o - 14. Let f(j) be the first derivative of -j**3/3 + 4*j**2 + 4*j + 10. Let n be f(6). List the prime factors of r(n).
2, 3, 11
Suppose -5*x = 5*z - 57491 - 250394, -2*z + 184736 = 3*x. List the prime factors of x.
2, 41, 751
Suppose 3*y - t - t = 11166, -5*y + 18617 = -t. List the prime factors of y.
2, 7, 19
Let w = -226 + 853. List the prime factors of (w - 2) + (3 + 0 - 0).
2, 157
Let y(l) = -l**2 + 34*l + 44. Let w be y(35). Suppose -w*b + 1648 = -11942. List the prime factors of b.
2, 5, 151
Suppose 3*o = 3*k + 151842, -3*o + 28391 = 5*k - 123515. What are the prime factors of o?
2, 3, 11, 13, 59
Suppose -20 = 4*w - 3*w - 104. Let i = 225 - 96. Suppose -125*j - w = -i*j. What are the prime factors of j?
3, 7
Let w = -50 + 57. Let v(c) = 3*c**2 + 14*c - 15. What are the prime factors of v(w)?
2, 5, 23
Suppose -o + 124 = 2*j, -106 - 170 = -4*j + 5*o. Suppose 65*z = j*z - 2. List the prime factors of ((-8)/10)/z - 506/(-10).
3, 17
Let a(q) be the second derivative of q**4/12 - 5*q**3/6 + 202*q**2 - 2*q + 1. What are the prime factors of a(0)?
2, 101
Suppose 22*m = -16*m + 10*m + 695576. What are the prime factors of m?
2, 12421
Let v be (-246)/(-10) - 12/(-30). Let z = 606 - 369. Suppose -c + z = v. What are the prime factors of c?
2, 53
Let f(q) = 9*q**2 + 50*q - 7. Let x = -229 + 220. What are the prime factors of f(x)?
2, 17
Suppose 0 = 13*y + 30 - 82. Suppose y*f + 5*g - 5 = 139, 61 = f - 5*g. List the prime factors of f.
41
Let u be 817712/154 - (-2)/11. List the prime factors of (-32)/(-24)*(u/4 - 0).
2, 3, 5, 59
Let c(u) = -11*u + 11. Let z(o) = 3*o - 1. Let m(x) = -x. Let n(t) = 4*m(t) + z(t). Let s(f) = -c(f) + 4*n(f). List the prime factors of s(6).
3
Let c = 5410 - -740. What are the prime factors of c?
2, 3, 5, 41
Let n(a) = -a**2 + 14 - 3*a**2 - 5*a + 3*a**2. Let z be n(-7). Suppose z*g + 4*g + 46 = 2*p, g + 74 = 3*p. What are the prime factors of p?
5
Suppose -17*t - 20 = -547. Suppose -t*u = -7029 + 1914. What are the prime factors of u?
3, 5, 11
Let v = -3525 + 511. Let f = v + 4710. What are the prime factors of f?
2, 53
Suppose 7*i - 216 + 160 = 0. Let p(f) = 78*f - 149. List the prime factors of p(i).
5, 19
Let r be (48/(-18))/((-8)/(-12)). List the prime factors of 2 + (449 + r - 2).
5, 89
Let f(z) = -17*z + 31. Suppose 31 = 2*w - 25. Let a = -33 + w. What are the prime factors of f(a)?
2, 29
Suppose 2*z = 2, 6*z + 29868 = 3*g + 3*z. List the prime factors of g.
3, 3319
Let f(a) = a**2 - 27*a - 88. Let p be f(30). Suppose -3*j + 2699 = p*h, 0 = 4*j - h + 1089 - 4706. What are the prime factors of j?
3, 7, 43
Let t be (-104)/10 - (-27)/(-45). Let a = 14 + t. Suppose 0 = a*s - 107 - 127. What are the prime factors of s?
2, 3, 13
Let g be 2 + -1 + 1 - -199. Let o = 917 - g. List the prime factors of o.
2, 179
Let l = 99 - 96. Suppose -2 = z - l*z. List the prime factors of ((-15)/(-12))/(z/176).
2, 5, 11
Let g be (-11044)/55 - (-2)/(20/(-2)). Let t = g + 1529. List the prime factors of t.
2, 83
Let f be -548*(8 - (-51)/(-6)). Let q = f - -222. What are the prime factors of q?
2, 31
Let u be ((-95)/114)/(1/(-6)). Suppose -3*f = 3*j - f - 19, u*j + 4*f - 31 = 0. Suppose -6*s + 2184 = j*s. List the prime factors of s.
2, 3, 7
Let a = -25 + 43. Let q be (-2 - -2)/(a/6). Suppose q*u - 3*u + 63 = 0. What are the prime factors of u?
3, 7
Let p be 2 - (1 + 0 + (-2)/1). Suppose j - 5 = -p. Suppose v + j*v = 9. List the prime factors of v.
3
Suppose 0 = -4*m - a + 6*a - 108, -4*a = 5*m + 176. Let k = m - -37. Suppose -k*p - 3*s = -510, -35 = -4*s - 15. What are the prime factors of p?
3, 11
Suppose 51*g - 225070 = -29230. Suppose 4*x = g - 636. List the prime factors of x.
3, 89
Suppose l = -41*o + 36*o - 2099, 2*l = -4*o - 1678. Let a = -295 - o. List the prime factors of a.
5
Let z = 12118 - 9903. What are the prime factors of z?
5, 443
Suppose r - 23 = 2*v, 3*v - 4*v = 2*r - 21. Let w(h) = 7*h + 14. Let n be w(r). Let q = 4 + n. What are the prime factors of q?
109
Let z(w) = -40*w - 75. Let l be z(-2). Let m = 20 + 0. Suppose -4*f + l*f = m. What are the prime factors of f?
2, 5
Suppose -3*w = -24 - 15. Suppose m + w = -4*c, -2*m + 1 + 9 = -4*c. Let v = 71 - m. What are the prime factors of v?
2, 3
Suppose 7*y + 1324 + 3345 = 0. Let a = y + 1137. List the prime factors of a.
2, 5, 47
Let y = 414 + -410. Suppose 3090 = 5*j + c, y*j - 2*j - 2*c = 1236. List the prime factors of j.
2, 3, 103
Let s = -74 + 966. Suppose -s + 3852 = 5*r. List the prime factors of r.
2, 37
Suppose 34*d - 28*d = 768. Let p = d - -249. List the prime factors of p.
13, 29
Let v = -1412 + 970. Let a = 838 + v. List the prime factors of a.
2, 3, 11
Let s(k) = -112*k - 27. Let v = 170 - 24. Let t = v + -149. What are the prime factors of s(t)?
3, 103
Let z(v) = 41*v**2 + 3*v. Let d be z(-2). Let b(h) = -h**3 - 19*h**2 - 18*h + 68. Let a be b(-18). Let j = d + a. List the prime factors of j.
2, 113
Suppose -2*n + 1 + 3 = 0. Suppose -5*v + f = 174, -3*v + 2*v - n*f = 37. Let p = 56 + v. What are the prime factors of p?
3, 7
Suppose -4*f - 5332 = -4*a, 4*f + 1879 + 791 = 2*a. What are the prime factors of a?
11
Suppose 3*i = 3*h + 6 - 33, h - 15 = 3*i. Suppose -h*r + 2*r = -3*y + 209, -5*r = 10. Suppose 161 = 6*q - y. What are the prime factors of q?
2, 19
Let o(s) = -15*s**2 + s + 28. Let r be o(6). Let x = 1131 + r. What are the prime factors of x?
5
Let o = 9194 + -6740. What are the prime factors of o?
2, 3, 409
Suppose -1133 - 173 = 2*p. Let m = -257 - p. List the prime factors of m.
2, 3, 11
Suppose 310*d - 2001456 = 197*d. List the prime factors of d.
2, 3, 41
Suppose 5*i + n = 10*i - 50750, 2*i - 20282 = 4*n. List the prime factors of i.